{"id":206,"date":"2019-11-21T14:56:41","date_gmt":"2019-11-21T13:56:41","guid":{"rendered":"http:\/\/modigliani1305.fr\/?page_id=206"},"modified":"2022-12-16T08:59:44","modified_gmt":"2022-12-16T07:59:44","slug":"la-residence","status":"publish","type":"page","link":"https:\/\/modigliani1305.fr\/index.php\/la-residence\/","title":{"rendered":"La r\u00e9sidence"},"content":{"rendered":"\n<p><strong>La r\u00e9sidence CANNES FRANCIA Labelis\u00e9e \u00ab\u00a0CLEF VERTE ***\u00a0\u00bb<\/strong><br><a href=\"https:\/\/goo.gl\/maps\/mGGSXP1EDu9edkK39\" target=\"_blank\" rel=\"noopener noreferrer\"><font color=\"fuchsia\">Cliquez ici pour voir la fiche Google de la r\u00e9sidence et l&rsquo;itineraire sur GOOGLE MAP<\/font><\/a><\/p>\n\n\n\n<p>Id\u00e9ale pour passer de tr\u00e8s bonnes vacances, au c\u0153ur d&rsquo;un agr\u00e9able jardin avec pelouse ,bancs et de tr\u00e8s beaux arbres , le tout \u00e0 votre disposition dans la r\u00e9sidence \u00e0 10m de l\u2019appartement. <\/p>\n\n\n\n<p>Piscine \u00e0 d\u00e9bordement avec vue panoramique sur mer et \u00eeles de LERINS plus une pataugeoire pour les enfants<\/p>\n\n\n\n<p>La r\u00e9sidence est enti\u00e8rement pi\u00e9tonne et s\u00e9curis\u00e9 (vous pourrez laisser vos enfant jouer dehors en toute s\u00e9curit\u00e9) . Vid\u00e9osurveillance et  agents de s\u00e9curit\u00e9 .<\/p>\n\n\n\n<p>Parking couvert s\u00e9curis\u00e9 ( inclus ) .<\/p>\n\n\n\n<p><strong>La r\u00e9sidence<\/strong><\/p>\n\n\nngg_shortcode_0_placeholder\n<p>Views: 981<\/p>","protected":false},"excerpt":{"rendered":"<p>La r\u00e9sidence CANNES FRANCIA Labelis\u00e9e \u00ab\u00a0CLEF VERTE ***\u00a0\u00bbCliquez ici pour voir la fiche Google de la r\u00e9sidence et l&rsquo;itineraire sur GOOGLE MAP Id\u00e9ale pour passer de tr\u00e8s bonnes vacances, au c\u0153ur d&rsquo;un agr\u00e9able jardin avec pelouse ,bancs et de tr\u00e8s beaux arbres , le tout \u00e0 votre disposition dans la r\u00e9sidence \u00e0 10m de l\u2019appartement. &hellip; <\/p>\n<p class=\"link-more\"><a href=\"https:\/\/modigliani1305.fr\/index.php\/la-residence\/\" class=\"more-link\">Continuer la lecture<span class=\"screen-reader-text\"> de &laquo;&nbsp;La r\u00e9sidence&nbsp;&raquo;<\/span><\/a><\/p>\n","protected":false},"author":1,"featured_media":39,"parent":0,"menu_order":0,"comment_status":"closed","ping_status":"closed","template":"","meta":{"ngg_post_thumbnail":0,"footnotes":""},"class_list":["post-206","page","type-page","status-publish","has-post-thumbnail","hentry"],"_links":{"self":[{"href":"https:\/\/modigliani1305.fr\/index.php\/wp-json\/wp\/v2\/pages\/206","targetHints":{"allow":["GET"]}}],"collection":[{"href":"https:\/\/modigliani1305.fr\/index.php\/wp-json\/wp\/v2\/pages"}],"about":[{"href":"https:\/\/modigliani1305.fr\/index.php\/wp-json\/wp\/v2\/types\/page"}],"author":[{"embeddable":true,"href":"https:\/\/modigliani1305.fr\/index.php\/wp-json\/wp\/v2\/users\/1"}],"replies":[{"embeddable":true,"href":"https:\/\/modigliani1305.fr\/index.php\/wp-json\/wp\/v2\/comments?post=206"}],"version-history":[{"count":10,"href":"https:\/\/modigliani1305.fr\/index.php\/wp-json\/wp\/v2\/pages\/206\/revisions"}],"predecessor-version":[{"id":553,"href":"https:\/\/modigliani1305.fr\/index.php\/wp-json\/wp\/v2\/pages\/206\/revisions\/553"}],"wp:featuredmedia":[{"embeddable":true,"href":"https:\/\/modigliani1305.fr\/index.php\/wp-json\/wp\/v2\/media\/39"}],"wp:attachment":[{"href":"https:\/\/modigliani1305.fr\/index.php\/wp-json\/wp\/v2\/media?parent=206"}],"curies":[{"name":"wp","href":"https:\/\/api.w.org\/{rel}","templated":true}]}}

La résidence

<p><strong>La résidence CANNES FRANCIA Labelisée « CLEF VERTE *** »</strong><br><a href="https://goo.gl/maps/mGGSXP1EDu9edkK39" target="_blank" rel="noopener noreferrer"><font color="fuchsia">Cliquez ici pour voir la fiche Google de la résidence et l&rsquo;itineraire sur GOOGLE MAP</font></a></p>



<p>Idéale pour passer de très bonnes vacances, au cœur d&rsquo;un agréable jardin avec pelouse ,bancs et de très beaux arbres , le tout à votre disposition dans la résidence à 10m de l’appartement. </p>



<p>Piscine à débordement avec vue panoramique sur mer et îles de LERINS plus une pataugeoire pour les enfants</p>



<p>La résidence est entièrement piétonne et sécurisé (vous pourrez laisser vos enfant jouer dehors en toute sécurité) . Vidéosurveillance et  agents de sécurité .</p>



<p>Parking couvert sécurisé ( inclus ) .</p>



<p><strong>La résidence</strong></p>


ngg_shortcode_0_placeholder
<p>Views: 981</p>

<p>La résidence CANNES FRANCIA Labelisée « CLEF VERTE *** »Cliquez ici pour voir la fiche Google de la résidence et l&rsquo;itineraire sur GOOGLE MAP Idéale pour passer de très bonnes vacances, au cœur d&rsquo;un agréable jardin avec pelouse ,bancs et de très beaux arbres , le tout à votre disposition dans la résidence à 10m de l’appartement. &hellip; </p>
<p class="link-more"><a href="https://modigliani1305.fr/index.php/la-residence/" class="more-link">Continuer la lecture<span class="screen-reader-text"> de &laquo;&nbsp;La résidence&nbsp;&raquo;</span></a></p>
