{"id":21,"date":"2019-10-25T16:52:06","date_gmt":"2019-10-25T14:52:06","guid":{"rendered":"http:\/\/modigliani1305.fr\/?page_id=21"},"modified":"2024-03-07T15:46:31","modified_gmt":"2024-03-07T14:46:31","slug":"une-section-de-page-daccueil","status":"publish","type":"page","link":"https:\/\/modigliani1305.fr\/index.php\/une-section-de-page-daccueil\/","title":{"rendered":"Le logement"},"content":{"rendered":"<p data-ga-id=\"property\">Appartement 4 couchages Studio + coin nuit (cabine s\u00e9par\u00e9e ). 2 adultes + 2 enfants maximum<br>Dans le s\u00e9jour : Canap\u00e9 convertible rapido avec couchage 160&#215;200 (matelas neuf en 2022), une table avec 4 chaises et une TV LED grand \u00e9cran.<br>Dans la cabine coin nuit, lits superpos\u00e9s 2x80x190.<br>Une Terrasse de 7,5M2 ,tr\u00e8s belle exposition SUD OUEST vue sur la mer ainsi que sur l\u2019Est\u00e9rel.<br>Une cuisine \u00e9quip\u00e9e avec lave-vaisselle, r\u00e9frig\u00e9rateur\/mini cong\u00e9lateur (Format TOP),&nbsp; Nespresso, Grille Pain, Bouilloire (vaisselle incluse pour 4 personnes).<br>Une salle de bain avec baignoire et WC.<\/p>\n<p data-ga-id=\"property\">Appartement traversant (pas de climatisation) , ventilateur avec mode nuit \u00e0 disposition dans l&rsquo;appartement.<\/p>\n<p data-ga-id=\"property\">PAS DE WIFI<\/p>\n<p>Kit m\u00e9dical , kit d&rsquo;entretien, draps et serviettes (2 par personnes) sont inclus.<\/p>\n<p>Les al\u00e8ses sont mises en place sur les lits,&nbsp; drap housse; taies d&rsquo;oreiller, Couettes et housses de couette sont \u00e0 disposition.<\/p>\n<p>Un agr\u00e9able parc avec de tr\u00e8s beaux arbres et plantes exotiques est \u00e9galement \u00e0 votre disposition dans la r\u00e9sidence \u00e0 10m de l&rsquo;appartement face \u00e0 la porte d&rsquo;entr\u00e9e .<\/p>\n<p>Parking couvert s\u00e9curis\u00e9 inclus .<\/p>\n<div class=\"bui-grid__column-full bui-grid__column-4@medium\"><strong>R\u00e8gles de la maison<\/strong><\/div>\n<div class=\"bui-grid__column-full bui-grid__column-8@medium\">\n<p class=\"res-policies__rule\">H\u00e9bergement non-fumeurs (possibilit\u00e9 de fumer sur la terrasse ou sur la coursive)<\/p>\n<p class=\"res-policies__rule\">Pas de f\u00eates\/d&rsquo;\u00e9v\u00e9nements<\/p>\n<p class=\"res-policies__rule\">Les clients doivent \u00e9viter de faire du bruit entre 22h30 et 8h30<\/p>\n<p>Arriv\u00e9e \u00e0 partir de 15H<\/p>\n<p>D\u00e9part avant 10H<\/p>\n<p class=\"res-policies__rule\">Les animaux domestiques ne sont pas accept\u00e9s<\/p>\n<\/div>\n\n\n<p><strong>Les photos du logement<\/strong><\/p>\n\n\nngg_shortcode_0_placeholder\n\n\n\n<p><\/p>\n<p>Views: 1494<\/p>","protected":false},"excerpt":{"rendered":"<p>Appartement 4 couchages Studio + coin nuit (cabine s\u00e9par\u00e9e ). 2 adultes + 2 enfants maximumDans le s\u00e9jour : Canap\u00e9 convertible rapido avec couchage 160&#215;200 (matelas neuf en 2022), une table avec 4 chaises et une TV LED grand \u00e9cran.Dans la cabine coin nuit, lits superpos\u00e9s 2x80x190.Une Terrasse de 7,5M2 ,tr\u00e8s belle exposition SUD OUEST &hellip; <\/p>\n<p class=\"link-more\"><a href=\"https:\/\/modigliani1305.fr\/index.php\/une-section-de-page-daccueil\/\" class=\"more-link\">Continuer la lecture<span class=\"screen-reader-text\"> de &laquo;&nbsp;Le logement&nbsp;&raquo;<\/span><\/a><\/p>\n","protected":false},"author":1,"featured_media":0,"parent":0,"menu_order":0,"comment_status":"closed","ping_status":"closed","template":"","meta":{"ngg_post_thumbnail":0,"footnotes":""},"class_list":["post-21","page","type-page","status-publish","hentry"],"_links":{"self":[{"href":"https:\/\/modigliani1305.fr\/index.php\/wp-json\/wp\/v2\/pages\/21","targetHints":{"allow":["GET"]}}],"collection":[{"href":"https:\/\/modigliani1305.fr\/index.php\/wp-json\/wp\/v2\/pages"}],"about":[{"href":"https:\/\/modigliani1305.fr\/index.php\/wp-json\/wp\/v2\/types\/page"}],"author":[{"embeddable":true,"href":"https:\/\/modigliani1305.fr\/index.php\/wp-json\/wp\/v2\/users\/1"}],"replies":[{"embeddable":true,"href":"https:\/\/modigliani1305.fr\/index.php\/wp-json\/wp\/v2\/comments?post=21"}],"version-history":[{"count":34,"href":"https:\/\/modigliani1305.fr\/index.php\/wp-json\/wp\/v2\/pages\/21\/revisions"}],"predecessor-version":[{"id":562,"href":"https:\/\/modigliani1305.fr\/index.php\/wp-json\/wp\/v2\/pages\/21\/revisions\/562"}],"wp:attachment":[{"href":"https:\/\/modigliani1305.fr\/index.php\/wp-json\/wp\/v2\/media?parent=21"}],"curies":[{"name":"wp","href":"https:\/\/api.w.org\/{rel}","templated":true}]}}